{"id":11095,"date":"2025-08-29T22:18:15","date_gmt":"2025-08-30T01:18:15","guid":{"rendered":"https:\/\/telmax.com.ar\/index.php\/producto\/power-bank-soul-5000mah-20w-2\/"},"modified":"2025-08-29T22:18:16","modified_gmt":"2025-08-30T01:18:16","slug":"power-bank-soul-5000mah-20w-2","status":"publish","type":"product","link":"https:\/\/telmax.com.ar\/index.php\/producto\/power-bank-soul-5000mah-20w-2\/","title":{"rendered":"POWER BANK SOUL 5000MAH 20W"},"content":{"rendered":"","protected":false},"excerpt":{"rendered":"<p>Carg\u00e1 tus equipos en todas partes!<\/p>\n<p>Combin\u00e1 un funcionamiento \u00f3ptimo tanto con cable o carga inal\u00e1mbrica magsafe.<br \/>\nCarga r\u00e1pida: 20w<br \/>\nCapacidad: 5.000mah<\/p>\n","protected":false},"featured_media":11094,"comment_status":"open","ping_status":"closed","template":"","meta":[],"product_brand":[],"product_cat":[85],"product_tag":[],"class_list":{"0":"post-11095","1":"product","2":"type-product","3":"status-publish","4":"has-post-thumbnail","6":"product_cat-local-laplata","8":"first","9":"outofstock","10":"taxable","11":"shipping-taxable","12":"purchasable","13":"product-type-simple"},"_links":{"self":[{"href":"https:\/\/telmax.com.ar\/index.php\/wp-json\/wp\/v2\/product\/11095","targetHints":{"allow":["GET"]}}],"collection":[{"href":"https:\/\/telmax.com.ar\/index.php\/wp-json\/wp\/v2\/product"}],"about":[{"href":"https:\/\/telmax.com.ar\/index.php\/wp-json\/wp\/v2\/types\/product"}],"replies":[{"embeddable":true,"href":"https:\/\/telmax.com.ar\/index.php\/wp-json\/wp\/v2\/comments?post=11095"}],"version-history":[{"count":0,"href":"https:\/\/telmax.com.ar\/index.php\/wp-json\/wp\/v2\/product\/11095\/revisions"}],"wp:featuredmedia":[{"embeddable":true,"href":"https:\/\/telmax.com.ar\/index.php\/wp-json\/wp\/v2\/media\/11094"}],"wp:attachment":[{"href":"https:\/\/telmax.com.ar\/index.php\/wp-json\/wp\/v2\/media?parent=11095"}],"wp:term":[{"taxonomy":"product_brand","embeddable":true,"href":"https:\/\/telmax.com.ar\/index.php\/wp-json\/wp\/v2\/product_brand?post=11095"},{"taxonomy":"product_cat","embeddable":true,"href":"https:\/\/telmax.com.ar\/index.php\/wp-json\/wp\/v2\/product_cat?post=11095"},{"taxonomy":"product_tag","embeddable":true,"href":"https:\/\/telmax.com.ar\/index.php\/wp-json\/wp\/v2\/product_tag?post=11095"}],"curies":[{"name":"wp","href":"https:\/\/api.w.org\/{rel}","templated":true}]}}